{"id":34,"date":"2024-04-16T14:00:26","date_gmt":"2024-04-16T12:00:26","guid":{"rendered":"https:\/\/projekt04.dh-service.ub.uni-kiel.de\/?page_id=34"},"modified":"2025-04-02T12:51:43","modified_gmt":"2025-04-02T10:51:43","slug":"manche-leuchten-wenn-man-sie-liest-das-obstbuch-von-1859","status":"publish","type":"page","link":"https:\/\/citizen-science.ub.uni-kiel.de\/?page_id=34","title":{"rendered":"Manche leuchten, wenn man sie liest: Das &#8218;Obstbuch&#8216; von 1859"},"content":{"rendered":"\n<div class=\"wp-block-group alignwide has-base-2-background-color has-background has-global-padding is-layout-constrained wp-container-core-group-is-layout-669513ed wp-block-group-is-layout-constrained\" style=\"margin-top:0;margin-bottom:0;padding-top:var(--wp--preset--spacing--50);padding-right:var(--wp--preset--spacing--50);padding-bottom:var(--wp--preset--spacing--50);padding-left:var(--wp--preset--spacing--50)\">\n<p><strong>Citizen Science Projekt der Universit\u00e4tsbibliothek Kiel in Zusammenarbeit mit der Landesgruppe Schleswig-Holstein und Hamburg und dem Kunsthistorischen Institut der CAU Kiel<\/strong><\/p>\n\n\n\n<div class=\"wp-block-columns alignwide is-layout-flex wp-container-core-columns-is-layout-1da03c2a wp-block-columns-is-layout-flex\">\n<div class=\"wp-block-column is-vertically-aligned-stretch is-layout-flow wp-block-column-is-layout-flow\" style=\"flex-basis:50%\">\n<p class=\"has-text-align-left\">Vom \u201eK\u00f6niglichen Kurzstiel\u201c-Apfel bis zur \u201eWildling von Motte\u201c-Birne: Das Citizen-Science-Projekt: \u2018Manche leuchten, wenn man sie liest &#8211; Das \u2019Obstbuch\u2019 von 1859&#8242; der Kieler Universit\u00e4tsbibliothek und des Pomologen-Vereins, in Zusammenarbeit mit dem Kunsthistorischen Institut der CAU Kiel, widmet sich alten norddeutschen Obstsorten und deren Verbreitung.<\/p>\n\n\n\n<div class=\"wp-block-group is-vertical is-content-justification-stretch is-layout-flex wp-container-core-group-is-layout-444d5ee8 wp-block-group-is-layout-flex\" style=\"min-height:100%\">\n<p class=\"has-text-align-left\">Alle Schleswig-Holsteinerinnen und Schleswig-Holsteiner, Hamburgerinnen und Hamburger waren 2024 dazu eingeladen, sich bei der Erfassung der Obstsorten-Vielfalt in Stadt und Land zu engagieren. Dabei galt es nicht nur, gemeinsam Baum-Standorte auf einer digitalen Plattform zu kartieren, sondern auch \u201eanekdotische Metadaten\u201c rund um die Obstgeh\u00f6lze zu sammeln. Echte norddeutsche Apfel-Geschichte(n) eben.<\/p>\n<\/div>\n<\/div>\n\n\n\n<div class=\"wp-block-column is-vertically-aligned-center is-layout-flow wp-block-column-is-layout-flow\" style=\"flex-basis:50%\">\n<figure class=\"wp-block-image aligncenter size-full is-resized\"><img loading=\"lazy\" decoding=\"async\" width=\"1024\" height=\"1024\" src=\"https:\/\/projekt04.dh-service.ub.uni-kiel.de\/wp-content\/uploads\/2024\/04\/DALL\u00b7E-2024-02-14-09.22.36-Create-a-modern-and-factual-illustration-of-an-open-book-from-which-an-apple-tree-is-growing.-The-book-should-appear-new-with-clean-crisp-pages-that-.webp\" alt=\"\" class=\"wp-image-23\" style=\"width:485px;height:auto\" srcset=\"https:\/\/citizen-science.ub.uni-kiel.de\/wp-content\/uploads\/2024\/04\/DALL\u00b7E-2024-02-14-09.22.36-Create-a-modern-and-factual-illustration-of-an-open-book-from-which-an-apple-tree-is-growing.-The-book-should-appear-new-with-clean-crisp-pages-that-.webp 1024w, https:\/\/citizen-science.ub.uni-kiel.de\/wp-content\/uploads\/2024\/04\/DALL\u00b7E-2024-02-14-09.22.36-Create-a-modern-and-factual-illustration-of-an-open-book-from-which-an-apple-tree-is-growing.-The-book-should-appear-new-with-clean-crisp-pages-that--300x300.webp 300w, https:\/\/citizen-science.ub.uni-kiel.de\/wp-content\/uploads\/2024\/04\/DALL\u00b7E-2024-02-14-09.22.36-Create-a-modern-and-factual-illustration-of-an-open-book-from-which-an-apple-tree-is-growing.-The-book-should-appear-new-with-clean-crisp-pages-that--150x150.webp 150w, https:\/\/citizen-science.ub.uni-kiel.de\/wp-content\/uploads\/2024\/04\/DALL\u00b7E-2024-02-14-09.22.36-Create-a-modern-and-factual-illustration-of-an-open-book-from-which-an-apple-tree-is-growing.-The-book-should-appear-new-with-clean-crisp-pages-that--768x768.webp 768w\" sizes=\"auto, (max-width: 1024px) 100vw, 1024px\" \/><\/figure>\n<\/div>\n<\/div>\n<\/div>\n\n\n\n<div class=\"wp-block-media-text alignwide is-stacked-on-mobile is-vertically-aligned-top\" style=\"grid-template-columns:21% auto\"><figure class=\"wp-block-media-text__media\"><img loading=\"lazy\" decoding=\"async\" width=\"705\" height=\"1024\" src=\"https:\/\/projekt04.dh-service.ub.uni-kiel.de\/wp-content\/uploads\/2024\/04\/00000006-705x1024.jpg\" alt=\"\" class=\"wp-image-22 size-full\" srcset=\"https:\/\/citizen-science.ub.uni-kiel.de\/wp-content\/uploads\/2024\/04\/00000006-705x1024.jpg 705w, https:\/\/citizen-science.ub.uni-kiel.de\/wp-content\/uploads\/2024\/04\/00000006-206x300.jpg 206w, https:\/\/citizen-science.ub.uni-kiel.de\/wp-content\/uploads\/2024\/04\/00000006-768x1116.jpg 768w, https:\/\/citizen-science.ub.uni-kiel.de\/wp-content\/uploads\/2024\/04\/00000006.jpg 1022w\" sizes=\"auto, (max-width: 705px) 100vw, 705px\" \/><\/figure><div class=\"wp-block-media-text__content\">\n<p class=\"has-text-align-left\">Das historische <a href=\"https:\/\/dibiki.ub.uni-kiel.de\/viewer\/image\/PPN521544025\/6\/\">Obstbuch<\/a> aus dem Bestand der Universit\u00e4tsbibliothek ist auf den ersten Blick einfach eine Liste von Apfel- und Birnensorten, die 1859 in Schleswig-Holsteins Kleing\u00e4rten zum Anbau empfohlen wurden, spannend wird es jedoch, wenn man sich fragt: Welche dieser Obstsorten sind bis heute erhalten geblieben? Wo finden wir sie noch in unserer Region, und was sagt ihr \u00dcberleben oder Verschwinden \u00fcber die Ver\u00e4nderungen in unserer Umwelt, in der Biodiversit\u00e4t und im Klima aus?<\/p>\n\n\n\n<p>Die g\u00e4ngigen Angebots\u00e4pfel aus dem Supermarkt stammen heute nur noch von rund acht verschiedenen Sorten ab. Damit einher geht eine deutliche genetische Reduktion. Doch auf Wiesen, am Stra\u00dfenrand und in vielen Hausg\u00e4rten bei uns im Land finden wir noch alte Apfelsorten, die fast vergessen sind. Gemeinsam mit zahlreichen Teilnehmenden aus ganz Schleswig-Holstein haben wir \u00fcber 160 alte Obstsorten erfasst. Die Ergebnisse der Bestimmung durch die Fachleute vom Pomologenverein und die Apfelgeschichten kannst Du hier auf unserer interaktiven Karte ansehen. <br><a href=\"https:\/\/citizen-science.ub.uni-kiel.de\/?page_id=175\" data-type=\"page\" data-id=\"175\">Hier gibt es Einblicke in das Obstbuch.<\/a><\/p>\n<\/div><\/div>\n\n\n\n<div class=\"wp-block-columns alignfull is-layout-flex wp-container-core-columns-is-layout-28f84493 wp-block-columns-is-layout-flex\">\n<div class=\"wp-block-column is-layout-flow wp-container-core-column-is-layout-a77db08e wp-block-column-is-layout-flow\" style=\"flex-basis:47.5%\"><\/div>\n\n\n\n<div class=\"wp-block-column is-layout-flow wp-block-column-is-layout-flow\" style=\"flex-basis:95%\">\n<iframe loading=\"lazy\" id=\"Nodegoat\" title=\"Nodegoat interface\" width=\"100%\" height=\"1000\" src=\"https:\/\/nodegoat.ub.uni-kiel.de\/viewer.p\/4\">\n <\/iframe>\n<\/div>\n\n\n\n<div class=\"wp-block-column has-global-padding is-layout-constrained wp-block-column-is-layout-constrained\" style=\"flex-basis:50%\"><\/div>\n<\/div>\n\n\n\n<p><\/p>\n","protected":false},"excerpt":{"rendered":"<p>Citizen Science Projekt der Universit\u00e4tsbibliothek Kiel in Zusammenarbeit mit der Landesgruppe Schleswig-Holstein und Hamburg und dem Kunsthistorischen Institut der CAU Kiel Vom \u201eK\u00f6niglichen Kurzstiel\u201c-Apfel bis zur \u201eWildling von Motte\u201c-Birne: Das Citizen-Science-Projekt: \u2018Manche leuchten, wenn man sie liest &#8211; Das \u2019Obstbuch\u2019 von 1859&#8242; der Kieler Universit\u00e4tsbibliothek und des Pomologen-Vereins, in Zusammenarbeit mit dem Kunsthistorischen Institut der [&hellip;]<\/p>\n","protected":false},"author":3,"featured_media":0,"parent":0,"menu_order":0,"comment_status":"closed","ping_status":"closed","template":"","meta":{"footnotes":""},"class_list":["post-34","page","type-page","status-publish","hentry"],"_links":{"self":[{"href":"https:\/\/citizen-science.ub.uni-kiel.de\/index.php?rest_route=\/wp\/v2\/pages\/34","targetHints":{"allow":["GET"]}}],"collection":[{"href":"https:\/\/citizen-science.ub.uni-kiel.de\/index.php?rest_route=\/wp\/v2\/pages"}],"about":[{"href":"https:\/\/citizen-science.ub.uni-kiel.de\/index.php?rest_route=\/wp\/v2\/types\/page"}],"author":[{"embeddable":true,"href":"https:\/\/citizen-science.ub.uni-kiel.de\/index.php?rest_route=\/wp\/v2\/users\/3"}],"replies":[{"embeddable":true,"href":"https:\/\/citizen-science.ub.uni-kiel.de\/index.php?rest_route=%2Fwp%2Fv2%2Fcomments&post=34"}],"version-history":[{"count":39,"href":"https:\/\/citizen-science.ub.uni-kiel.de\/index.php?rest_route=\/wp\/v2\/pages\/34\/revisions"}],"predecessor-version":[{"id":350,"href":"https:\/\/citizen-science.ub.uni-kiel.de\/index.php?rest_route=\/wp\/v2\/pages\/34\/revisions\/350"}],"wp:attachment":[{"href":"https:\/\/citizen-science.ub.uni-kiel.de\/index.php?rest_route=%2Fwp%2Fv2%2Fmedia&parent=34"}],"curies":[{"name":"wp","href":"https:\/\/api.w.org\/{rel}","templated":true}]}}